on divisor of 84 and 142198?
14
Calculate the highest common factor of 1967 and 16153004.
1967
Calculate the greatest common divisor of 1449 and 8901.
207
What is the greatest common factor of 935 and 7040?
55
What is the highest common factor of 211744 and 13?
13
Calculate the highest common factor of 319 and 12078.
11
What is the greatest common factor of 102 and 2466?
6
What is the highest common factor of 68 and 572067?
17
What is the greatest common factor of 5032 and 2738?
74
Calculate the greatest common divisor of 144 and 17424.
144
Calculate the highest common factor of 211946 and 14.
14
Calculate the greatest common factor of 473495 and 55.
55
Calculate the highest common divisor of 266 and 1406.
38
Calculate the greatest common factor of 18 and 3660894.
18
What is the greatest common divisor of 42 and 933414?
6
What is the highest common factor of 288 and 4592?
16
Calculate the greatest common factor of 724 and 128.
4
What is the greatest common factor of 2621546 and 62?
62
Calculate the greatest common factor of 6875 and 160.
5
What is the highest common factor of 60 and 264?
12
What is the greatest common factor of 297 and 9999?
99
What is the greatest common factor of 3530 and 580?
10
What is the highest common divisor of 6 and 217758?
6
Calculate the highest common divisor of 112881 and 73344.
573
Calculate the greatest common factor of 55 and 228833.
11
Calculate the greatest common divisor of 161 and 5173.
7
Calculate the greatest common divisor of 60 and 114220.
20
What is the greatest common divisor of 38 and 129941?
19
What is the highest common factor of 96 and 35784?
24
Calculate the highest common divisor of 424592 and 32.
16
What is the greatest common divisor of 687 and 1825359?
687
What is the greatest common factor of 1998 and 1602?
18
Calculate the greatest common divisor of 780 and 2681640.
780
Calculate the highest common divisor of 6744 and 176.
8
What is the greatest common divisor of 856179 and 27?
9
Calculate the greatest common divisor of 32 and 115616.
32
Calculate the greatest common divisor of 2508 and 120252.
132
Calculate the highest common factor of 672 and 67424.
224
Calculate the highest common divisor of 386355 and 5.
5
Calculate the highest common divisor of 1161265 and 35.
35
What is the highest common divisor of 657 and 29054?
73
Calculate the highest common factor of 15 and 3366.
3
Calculate the highest common divisor of 289 and 27421.
17
What is the highest common divisor of 2405 and 2340?
65
What is the highest common factor of 28717 and 84929?
611
What is the highest common divisor of 24183 and 2592?
9
What is the highest common divisor of 2298 and 301804?
766
What is the highest common divisor of 9544916 and 76?
76
Calculate the greatest common factor of 244 and 13847.
61
What is the highest common divisor of 3152 and 2561?
197
What is the greatest common factor of 208935 and 45?
45
What is the highest common factor of 6006 and 60?
6
What is the greatest common factor of 6188 and 125188?
476
What is the highest common divisor of 40 and 1328?
8
Calculate the highest common divisor of 2464775 and 38.
19
Calculate the greatest common divisor of 44 and 1502611.
11
What is the greatest common divisor of 374 and 98846?
22
What is the greatest common factor of 72348 and 24?
12
What is the greatest common divisor of 16939 and 715?
13
Calculate the greatest common divisor of 6225 and 600.
75
Calculate the highest common factor of 4454 and 15062.
34
Calculate the greatest common factor of 16348 and 4020.
268
Calculate the greatest common factor of 1236 and 4898268.
1236
Calculate the highest common factor of 16 and 4514.
2
What is the greatest common divisor of 19719 and 5947?
313
What is the highest common factor of 135692 and 6?
2
What is the greatest common divisor of 509 and 17?
1
What is the highest common factor of 316707 and 2519?
229
Calculate the highest common factor of 40 and 7634500.
20
What is the highest common divisor of 91728 and 3952?
208
What is the highest common divisor of 160584 and 6?
6
Calculate the greatest common factor of 588 and 1949416.
196
Calculate the highest common divisor of 422 and 2625262.
422
Calculate the highest common factor of 24 and 88668.
12
What is the greatest common divisor of 50160 and 5168?
304
What is the greatest common divisor of 200 and 827250?
50
Calculate the greatest common factor of 1575 and 8001.
63
What is the highest common factor of 131208 and 594?
66
Calculate the greatest common factor of 1491 and 8169.
21
Calculate the greatest common divisor of 942248 and 114.
38
What is the greatest common divisor of 162 and 2574?
18
Calculate the highest common divisor of 741601 and 7.
7
What is the greatest common divisor of 142696 and 40?
8
Calculate the highest common divisor of 199848 and 36.
12
What is the greatest common factor of 1064 and 2527?
133
What is the highest common divisor of 3944 and 928?
232
Calculate the highest common divisor of 64 and 6889.
1
What is the greatest common divisor of 63795 and 390?
15
What is the highest common divisor of 685 and 77131?
137
Calculate the highest common factor of 3218320 and 1225.
245
What is the greatest common factor of 3 and 7152?
3
What is the highest common factor of 18295122 and 1231?
1231
Calculate the greatest common factor of 4370 and 1032194.
874
What is the greatest common factor of 264 and 162072?
24
What is the highest common factor of 4368 and 1848?
168
Calculate the highest common divisor of 60 and 4482810.
30
What is the highest common factor of 629 and 21403?
17
Calculate the highest common factor of 23391 and 19872.
207
Calculate the highest common divisor of 2309516 and 8.
4
What is the greatest common factor of 24 and 1412584?
8
What is the highest common factor of 21734 and 2?
2
Calculate the highest common factor of 2763 and 40217.
307
Calculate the highest common divisor of 4340 and 207886.
434
Calculate the greatest common divisor of 7224 and 10248.
168
What is the highest common divisor of 23100 and 43428?
924
Calculate the greatest common factor of 807319 and 178.
89
What is the highest common factor of 240 and 141960?
120
What is the highest common divisor of 45854 and 7264?
454
What is the greatest common divisor of 2044128 and 796?
796
Calculate the greatest common divisor of 30 and 400065.
15
Calculate the greatest common factor of 50 and 10610.
10
What is the greatest common divisor of 71111 and 6408?
89
Calculate the highest common factor of 715 and 412841.
143
Calculate the greatest common factor of 448 and 13248.
64
Calculate the highest common factor of 25700 and 3341.
257
What is the greatest common factor of 51 and 1759636?
17
Calculate the highest common divisor of 33632 and 16288.
32
What is the highest common factor of 1136556 and 1205?
241
Calculate the highest common divisor of 24290 and 315.
35
What is the highest common factor of 165 and 1701165?
15
Calculate the highest common factor of 8974483 and 7.
7
Calculate the highest common divisor of 161998 and 856.
214
What is the greatest common divisor of 50595 and 30?
15
Calculate the highest common factor of 11646 and 12.
6
What is the highest common divisor of 139546 and 3344?
22
What is the highest common divisor of 861 and 54817?
287
What is the greatest common factor of 22184 and 1504?
376
What is the highest common factor of 15367 and 176?
11
What is the greatest common divisor of 241218 and 648?
162
Calculate the greatest common divisor of 139942 and 176.
22
What is the highest common divisor of 500 and 371750?
250
What is the greatest common divisor of 172 and 232?
4
Calculate the highest common factor of 1421075 and 25.
25
What is the highest common divisor of 12733 and 153?
17
Calculate the greatest common factor of 4378910 and 3309.
1103
Calculate the greatest common factor of 918593 and 494.
247
What is the highest common divisor of 145 and 28255?
5
Calculate the greatest common divisor of 2604 and 16244.
124
Calculate the greatest common factor of 12 and 153186.
6
What is the greatest common factor of 3792 and 51600?
48
What is the highest common factor of 263259 and 54?
9
Calculate the highest common factor of 189 and 229929.
21
What is the greatest common factor of 134 and 335?
67
What is the h